{"id":4,"date":"2020-02-21T16:08:42","date_gmt":"2020-02-21T16:08:42","guid":{"rendered":"http:\/\/steinbacher.xyz\/?page_id=4"},"modified":"2021-03-16T16:25:55","modified_gmt":"2021-03-16T16:25:55","slug":"mein-profil","status":"publish","type":"page","link":"https:\/\/steinbacher.xyz\/","title":{"rendered":"Mein Profil"},"content":{"rendered":"\n<div class=\"wp-block-image is-style-circle-mask\"><figure class=\"alignright size-large is-resized\"><img loading=\"lazy\" decoding=\"async\" src=\"http:\/\/steinbacher.xyz\/wp-content\/uploads\/2020\/02\/P4214578_E-1024x768.jpg\" alt=\"\" class=\"wp-image-18\" width=\"224\" height=\"169\" srcset=\"https:\/\/steinbacher.xyz\/wp-content\/uploads\/2020\/02\/P4214578_E-1024x768.jpg 1024w, https:\/\/steinbacher.xyz\/wp-content\/uploads\/2020\/02\/P4214578_E-300x225.jpg 300w, https:\/\/steinbacher.xyz\/wp-content\/uploads\/2020\/02\/P4214578_E-768x576.jpg 768w, https:\/\/steinbacher.xyz\/wp-content\/uploads\/2020\/02\/P4214578_E-1536x1152.jpg 1536w, https:\/\/steinbacher.xyz\/wp-content\/uploads\/2020\/02\/P4214578_E-2048x1536.jpg 2048w\" sizes=\"auto, (max-width: 224px) 100vw, 224px\" \/><\/figure><\/div>\n\n\n\n<p>Mein Name ist Claudia Nehls-Steinbacher. Seit meinem Abitur 1996 bin ich im Finanz- und Rechnungswesen t\u00e4tig.  <\/p>\n\n\n\n<p><strong>Das Arbeiten mit Zahlen ist meine Leidenschaft! <\/strong><\/p>\n\n\n\n<p>Ich bin Diplom-Wirtschaftsjuristin (FH) und gepr\u00fcfte Bilanzbuchhalterin (IHK). In 2017 habe ich das CINA (Certificate in International Accounting) abgelegt. <\/p>\n\n\n\n<p>Ich besitze detallierte Kenntnisse in den ERP-Systemen SAP R\/3, S4Hana Cloud, Navision und Lexware.<\/p>\n\n\n\n<p>Ich habe in meinen \u00fcber 20 Jahren beruflicher T\u00e4tigkeit viel gesehen, geh\u00f6rt, bearbeitet und analysiert.  Meine Erfahrungen gebe ich als Consultant im Bereich Finanz- und Rechnungswesen gerne an Sie weiter.<\/p>\n\n\n\n<p>Wenn Sie Fragen oder W\u00fcnsche haben, rufen Sie mich bitte an \u2013 ich helfen Ihnen weiter!<\/p>\n\n\n\n<figure class=\"wp-block-image size-large\"><img loading=\"lazy\" decoding=\"async\" width=\"962\" height=\"250\" src=\"http:\/\/steinbacher.xyz\/wp-content\/uploads\/2021\/03\/cropped-cropped-cropped-logo.png\" alt=\"\" class=\"wp-image-47\" srcset=\"https:\/\/steinbacher.xyz\/wp-content\/uploads\/2021\/03\/cropped-cropped-cropped-logo.png 962w, https:\/\/steinbacher.xyz\/wp-content\/uploads\/2021\/03\/cropped-cropped-cropped-logo-300x78.png 300w, https:\/\/steinbacher.xyz\/wp-content\/uploads\/2021\/03\/cropped-cropped-cropped-logo-768x200.png 768w\" sizes=\"auto, (max-width: 767px) 89vw, (max-width: 1000px) 54vw, (max-width: 1071px) 543px, 580px\" \/><\/figure>\n","protected":false},"excerpt":{"rendered":"<p>Mein Name ist Claudia Nehls-Steinbacher. Seit meinem Abitur 1996 bin ich im Finanz- und Rechnungswesen t\u00e4tig. Das Arbeiten mit Zahlen ist meine Leidenschaft! Ich bin Diplom-Wirtschaftsjuristin (FH) und gepr\u00fcfte Bilanzbuchhalterin (IHK). In 2017 habe ich das CINA (Certificate in International Accounting) abgelegt. Ich besitze detallierte Kenntnisse in den ERP-Systemen SAP R\/3, S4Hana Cloud, Navision und &hellip; <\/p>\n<p class=\"link-more\"><a href=\"https:\/\/steinbacher.xyz\/\" class=\"more-link\"><span class=\"screen-reader-text\">\u201eMein Profil\u201c <\/span>weiterlesen<\/a><\/p>\n","protected":false},"author":1,"featured_media":0,"parent":0,"menu_order":0,"comment_status":"closed","ping_status":"closed","template":"","meta":{"footnotes":""},"class_list":["post-4","page","type-page","status-publish","hentry"],"_links":{"self":[{"href":"https:\/\/steinbacher.xyz\/index.php?rest_route=\/wp\/v2\/pages\/4","targetHints":{"allow":["GET"]}}],"collection":[{"href":"https:\/\/steinbacher.xyz\/index.php?rest_route=\/wp\/v2\/pages"}],"about":[{"href":"https:\/\/steinbacher.xyz\/index.php?rest_route=\/wp\/v2\/types\/page"}],"author":[{"embeddable":true,"href":"https:\/\/steinbacher.xyz\/index.php?rest_route=\/wp\/v2\/users\/1"}],"replies":[{"embeddable":true,"href":"https:\/\/steinbacher.xyz\/index.php?rest_route=%2Fwp%2Fv2%2Fcomments&post=4"}],"version-history":[{"count":8,"href":"https:\/\/steinbacher.xyz\/index.php?rest_route=\/wp\/v2\/pages\/4\/revisions"}],"predecessor-version":[{"id":48,"href":"https:\/\/steinbacher.xyz\/index.php?rest_route=\/wp\/v2\/pages\/4\/revisions\/48"}],"wp:attachment":[{"href":"https:\/\/steinbacher.xyz\/index.php?rest_route=%2Fwp%2Fv2%2Fmedia&parent=4"}],"curies":[{"name":"wp","href":"https:\/\/api.w.org\/{rel}","templated":true}]}}